{"id":1252,"date":"2024-02-21T16:23:59","date_gmt":"2024-02-21T15:23:59","guid":{"rendered":"https:\/\/www.apice.it\/informativa-clienti-e-fornitori\/"},"modified":"2024-02-21T16:23:59","modified_gmt":"2024-02-21T15:23:59","slug":"informativa-clienti-e-fornitori","status":"publish","type":"page","link":"https:\/\/www.apice.it\/en\/informativa-clienti-e-fornitori\/","title":{"rendered":"Informativa Clienti e fornitori"},"content":{"rendered":"\n<div class=\"wp-block-cover\"><span aria-hidden=\"true\" class=\"wp-block-cover__background has-palette-1-background-color has-background-dim-100 has-background-dim\"><\/span><div class=\"wp-block-cover__inner-container\">\n<div class=\"wp-block-group is-style-container\">\n<div style=\"height:50px\" aria-hidden=\"true\" class=\"wp-block-spacer\"><\/div>\n\n\n\n<h1 class=\"wp-block-heading is-style-MediumTitle\">Informativa Clienti e fornitori<\/h1>\n\n\n\n<div style=\"height:10px\" aria-hidden=\"true\" class=\"wp-block-spacer\"><\/div>\n\n\n\n<p>Informativa ai sensi dell\u2019articolo 13 del Regolamento Europeo 2016\/679<br>(per fornitori e clienti)<\/p>\n<\/div>\n<\/div><\/div>\n\n\n\n<div style=\"height:30px\" aria-hidden=\"true\" class=\"wp-block-spacer\"><\/div>\n\n\n\n<div class=\"wp-block-group is-style-container\">\n<p>Gentile fornitore,<\/p>\n\n\n\n<p>desideriamo informarLa che il Codice in materia di protezione dei dati personali garantisce che il trattamento dei dati personali si svolga nel rispetto dei diritti e delle libert\u00e0 fondamentali, nonch\u00e9 della dignit\u00e0 dell\u2019interessato, con particolare riferimento alla riservatezza, all\u2019identit\u00e0 personale e al diritto alla protezione dei dati personali.<\/p>\n\n\n\n<p>In osservanza di quanto previsto dal Regolamento europeo 2016\/679, siamo a fornirLe le dovute informazioni in ordine alle finalit\u00e0 e modalit\u00e0 del trattamento dei Suoi dati personali, la natura del conferimento dei dati, nonch\u00e9 l\u2019ambito di comunicazione e diffusione degli stessi.<\/p>\n\n\n\n<p><strong>Finalit\u00e0 del trattamento<\/strong><\/p>\n\n\n\n<p>Il trattamento dei Suoi dati personali persegue finalit\u00e0 strettamente connesse e strumentali all\u2019attivit\u00e0 svolta da Apice scrl (custodia e trasporto di opere d\u2019arte), in particolare, i dati vengono utilizzati per adempiere a obblighi imposti dalla normativa fiscale, contabile o per l\u2019esecuzione dei contrati sottoscritti.<\/p>\n\n\n\n<p><strong>Modalit\u00e0 del trattamento<\/strong><\/p>\n\n\n\n<p>II trattamento sar\u00e0 effettuato:<\/p>\n\n\n\n<p>con l\u2019ausilio dei moderni sistemi informatici, con logiche strettamente correlate alle finalit\u00e0 suindicate e, comunque, in modo da garantire la sicurezza e la riservatezza dei dati stessi, ad opera di soggetti a ci\u00f2 appositamente incaricati;<\/p>\n\n\n\n<p>in forma manuale, con logiche strettamente correlate alle finalit\u00e0 suindicate e, comunque, in modo da garantire la sicurezza e la riservatezza dei dati stessi, ad opera di soggetti a ci\u00f2 appositamente incaricati.<\/p>\n\n\n\n<p>I dati saranno inseriti sia negli archivi correnti ad accesso selezionato (contenenti documenti cartacei) che nelle banche dati su p.c. (contenenti dati informatizzati).<\/p>\n\n\n\n<p>I dati personali saranno conservati secondo quanto disposto dalle normi fiscali o secondo quanto disposto dal Codice Civile (10 anni)<\/p>\n\n\n\n<p>I dati personali non vengono trattati con processi decisionali automatizzati e non vengono eseguite profilazioni (cos\u00ec come definite dall\u2019 art. 22 par. 1 e 4 del Regolamento europeo.<\/p>\n\n\n\n<p><strong>Natura del conferimento<\/strong><\/p>\n\n\n\n<p>II conferimento dei dati \u00e8 per Lei obbligatorio in quanto necessario per l\u2019assolvimento di obblighi contrattuali, contabili,<\/p>\n\n\n\n<p>fiscali nel perseguimento delle finalit\u00e0 sopraccitate.<\/p>\n\n\n\n<p>Il titolare rende noto, inoltre, che l&#8217;eventuale rifiuto al conferimento dei dati personali ha come conseguenza emergente la possibile mancata corrispondenza dei risultati del trattamento stesso agli obblighi imposti dalla normativa fiscale e amministrativa cui esso \u00e8 indirizzato.<\/p>\n\n\n\n<p><strong>Ambito di comunicazione e diffusione<\/strong><\/p>\n\n\n\n<p>I Suoi dati, oggetto del trattamento, saranno in seguito comunicati a:<\/p>\n\n\n\n<ul class=\"wp-block-list\">\n<li>Istituti di Credito, per adempiere a specifici obblighi amministrativi-contabili;<\/li>\n\n\n\n<li>ad organismi pubblici, quali per es.: Agenzia delle Entrate<\/li>\n<\/ul>\n\n\n\n<p>I Suoi dati personali non saranno oggetto di diffusione.<\/p>\n\n\n\n<p>In riferimento ai soli dati necessari per effettuare i trasporti, questi potranno essere comunicati a soggetti residenti in altri Stati dell\u2019Unione o extraCEE.<\/p>\n\n\n\n<p>I suoi dati personali potranno essere inoltre comunicati a Responsabili esterni, regolarmente designati come previsto dal Regolamento europeo 2016\/679, quali: compagnie assicurative, imprese di trasporto o servizi doganali, commercialisti o centri elaborazione dati per la gestione della contabilit\u00e0 fiscale.<\/p>\n\n\n\n<p>L\u2019elenco aggiornato dei Responsabili del trattamento \u00e8 disponibile presso la sede Titolare.<\/p>\n\n\n\n<p><strong>Periodo di conservazione dei dati<\/strong><\/p>\n\n\n\n<p>I dati personali saranno conservati secondo quanto disposto dalle normi fiscali o secondo quanto disposto dal Codice Civile (10 anni)<\/p>\n\n\n\n<p><strong>Diritti<\/strong><\/p>\n\n\n\n<p>In ogni momento potr\u00e0 far valere i suoi diritti riguardo:<\/p>\n\n\n\n<p>alla portabilit\u00e0 dei suoi dati personali, cio\u00e8 la possibilit\u00e0 di trasferire i dati ad altro Titolare<\/p>\n\n\n\n<p>revocare il consenso in qualsiasi momento,senza comunque pregiudicare la liceit\u00e0 del trattamento precedentemente prestato;<\/p>\n\n\n\n<p>il diritto di proporre il reclamo a un\u2019autorit\u00e0 di controllo (Garante)<\/p>\n\n\n\n<p>Lei potr\u00e0 comunque far valere i propri diritti in base agli artt. 15-16-17-18-19-21-22-23 del Regolamento europeo 2016\/679 rivolgendosi al Titolare del trattamento, anche per il tramite di un incaricato.<\/p>\n\n\n\n<p><strong>Estremi identificativi del titolare<\/strong><\/p>\n\n\n\n<p>Titolare del trattamento \u00e8 : <strong>APICE scrl<\/strong>, Via Guido Guinizzelli, 14 50041 Calenzano FI &#8211; t. +39 055-8826326 \u2013 f. +39-055-8812560<\/p>\n\n\n\n<p>In fede Il legale rappresentante<\/p>\n\n\n\n<p>Ultima modifica 24\/05\/18<\/p>\n<\/div>\n","protected":false},"excerpt":{"rendered":"<p>Gentile fornitore, desideriamo informarLa che il Codice in materia di protezione dei dati personali garantisce che il trattamento dei dati personali si svolga nel rispetto dei diritti e delle libert\u00e0 fondamentali, nonch\u00e9 della dignit\u00e0 dell\u2019interessato, con particolare riferimento alla riservatezza, all\u2019identit\u00e0 personale e al diritto alla protezione dei dati personali. In osservanza di quanto previsto [&hellip;]<\/p>\n","protected":false},"author":1,"featured_media":0,"parent":0,"menu_order":0,"comment_status":"closed","ping_status":"closed","template":"","meta":{"_acf_changed":false,"footnotes":""},"class_list":["post-1252","page","type-page","status-publish","hentry"],"acf":[],"featured_image_src":null,"yoast_head":"<title>Informativa Clienti e fornitori<\/title>\n<meta name=\"robots\" content=\"index, follow, max-snippet:-1, max-image-preview:large, max-video-preview:-1\" \/>\n<link rel=\"canonical\" href=\"https:\/\/www.apice.it\/en\/informativa-clienti-e-fornitori\/\" \/>\n<meta property=\"og:locale\" content=\"en_US\" \/>\n<meta property=\"og:type\" content=\"article\" \/>\n<meta property=\"og:title\" content=\"Informativa Clienti e fornitori\" \/>\n<meta property=\"og:description\" content=\"Gentile fornitore, desideriamo informarLa che il Codice in materia di protezione dei dati personali garantisce che il trattamento dei dati personali si svolga nel rispetto dei diritti e delle libert\u00e0 fondamentali, nonch\u00e9 della dignit\u00e0 dell\u2019interessato, con particolare riferimento alla riservatezza, all\u2019identit\u00e0 personale e al diritto alla protezione dei dati personali. In osservanza di quanto previsto [&hellip;]\" \/>\n<meta property=\"og:url\" content=\"https:\/\/www.apice.it\/en\/informativa-clienti-e-fornitori\/\" \/>\n<meta property=\"og:site_name\" content=\"Apice\" \/>\n<meta name=\"twitter:card\" content=\"summary_large_image\" \/>\n<meta name=\"twitter:site\" content=\"@apicescrl\" \/>\n<meta name=\"twitter:label1\" content=\"Est. reading time\" \/>\n\t<meta name=\"twitter:data1\" content=\"3 minutes\" \/>\n<script type=\"application\/ld+json\" class=\"yoast-schema-graph\">{\"@context\":\"https:\/\/schema.org\",\"@graph\":[{\"@type\":\"WebPage\",\"@id\":\"https:\/\/www.apice.it\/en\/informativa-clienti-e-fornitori\/\",\"url\":\"https:\/\/www.apice.it\/en\/informativa-clienti-e-fornitori\/\",\"name\":\"Informativa Clienti e fornitori\",\"isPartOf\":{\"@id\":\"https:\/\/www.apice.it\/en\/#website\"},\"datePublished\":\"2024-02-21T15:23:59+00:00\",\"breadcrumb\":{\"@id\":\"https:\/\/www.apice.it\/en\/informativa-clienti-e-fornitori\/#breadcrumb\"},\"inLanguage\":\"en-US\",\"potentialAction\":[{\"@type\":\"ReadAction\",\"target\":[\"https:\/\/www.apice.it\/en\/informativa-clienti-e-fornitori\/\"]}]},{\"@type\":\"BreadcrumbList\",\"@id\":\"https:\/\/www.apice.it\/en\/informativa-clienti-e-fornitori\/#breadcrumb\",\"itemListElement\":[{\"@type\":\"ListItem\",\"position\":1,\"name\":\"Home\",\"item\":\"https:\/\/www.apice.it\/en\/\"},{\"@type\":\"ListItem\",\"position\":2,\"name\":\"Informativa Clienti e fornitori\"}]},{\"@type\":\"WebSite\",\"@id\":\"https:\/\/www.apice.it\/en\/#website\",\"url\":\"https:\/\/www.apice.it\/en\/\",\"name\":\"Apice\",\"description\":\"Moving the beauty\",\"publisher\":{\"@id\":\"https:\/\/www.apice.it\/en\/#organization\"},\"potentialAction\":[{\"@type\":\"SearchAction\",\"target\":{\"@type\":\"EntryPoint\",\"urlTemplate\":\"https:\/\/www.apice.it\/en\/?s={search_term_string}\"},\"query-input\":{\"@type\":\"PropertyValueSpecification\",\"valueRequired\":true,\"valueName\":\"search_term_string\"}}],\"inLanguage\":\"en-US\"},{\"@type\":\"Organization\",\"@id\":\"https:\/\/www.apice.it\/en\/#organization\",\"name\":\"Apice SCRL\",\"alternateName\":\"Apice\",\"url\":\"https:\/\/www.apice.it\/en\/\",\"logo\":{\"@type\":\"ImageObject\",\"inLanguage\":\"en-US\",\"@id\":\"https:\/\/www.apice.it\/en\/#\/schema\/logo\/image\/\",\"url\":\"https:\/\/www.apice.it\/wp-content\/uploads\/2024\/02\/logo-apice.svg\",\"contentUrl\":\"https:\/\/www.apice.it\/wp-content\/uploads\/2024\/02\/logo-apice.svg\",\"caption\":\"Apice SCRL\"},\"image\":{\"@id\":\"https:\/\/www.apice.it\/en\/#\/schema\/logo\/image\/\"},\"sameAs\":[\"https:\/\/x.com\/apicescrl\",\"https:\/\/www.youtube.com\/@Apicescrl\/videos\",\"https:\/\/www.linkedin.com\/company\/apice-scrl\/\"]}]}<\/script>","yoast_head_json":{"title":"Informativa Clienti e fornitori","robots":{"index":"index","follow":"follow","max-snippet":"max-snippet:-1","max-image-preview":"max-image-preview:large","max-video-preview":"max-video-preview:-1"},"canonical":"https:\/\/www.apice.it\/en\/informativa-clienti-e-fornitori\/","og_locale":"en_US","og_type":"article","og_title":"Informativa Clienti e fornitori","og_description":"Gentile fornitore, desideriamo informarLa che il Codice in materia di protezione dei dati personali garantisce che il trattamento dei dati personali si svolga nel rispetto dei diritti e delle libert\u00e0 fondamentali, nonch\u00e9 della dignit\u00e0 dell\u2019interessato, con particolare riferimento alla riservatezza, all\u2019identit\u00e0 personale e al diritto alla protezione dei dati personali. In osservanza di quanto previsto [&hellip;]","og_url":"https:\/\/www.apice.it\/en\/informativa-clienti-e-fornitori\/","og_site_name":"Apice","twitter_card":"summary_large_image","twitter_site":"@apicescrl","twitter_misc":{"Est. reading time":"3 minutes"},"schema":{"@context":"https:\/\/schema.org","@graph":[{"@type":"WebPage","@id":"https:\/\/www.apice.it\/en\/informativa-clienti-e-fornitori\/","url":"https:\/\/www.apice.it\/en\/informativa-clienti-e-fornitori\/","name":"Informativa Clienti e fornitori","isPartOf":{"@id":"https:\/\/www.apice.it\/en\/#website"},"datePublished":"2024-02-21T15:23:59+00:00","breadcrumb":{"@id":"https:\/\/www.apice.it\/en\/informativa-clienti-e-fornitori\/#breadcrumb"},"inLanguage":"en-US","potentialAction":[{"@type":"ReadAction","target":["https:\/\/www.apice.it\/en\/informativa-clienti-e-fornitori\/"]}]},{"@type":"BreadcrumbList","@id":"https:\/\/www.apice.it\/en\/informativa-clienti-e-fornitori\/#breadcrumb","itemListElement":[{"@type":"ListItem","position":1,"name":"Home","item":"https:\/\/www.apice.it\/en\/"},{"@type":"ListItem","position":2,"name":"Informativa Clienti e fornitori"}]},{"@type":"WebSite","@id":"https:\/\/www.apice.it\/en\/#website","url":"https:\/\/www.apice.it\/en\/","name":"Apice","description":"Moving the beauty","publisher":{"@id":"https:\/\/www.apice.it\/en\/#organization"},"potentialAction":[{"@type":"SearchAction","target":{"@type":"EntryPoint","urlTemplate":"https:\/\/www.apice.it\/en\/?s={search_term_string}"},"query-input":{"@type":"PropertyValueSpecification","valueRequired":true,"valueName":"search_term_string"}}],"inLanguage":"en-US"},{"@type":"Organization","@id":"https:\/\/www.apice.it\/en\/#organization","name":"Apice SCRL","alternateName":"Apice","url":"https:\/\/www.apice.it\/en\/","logo":{"@type":"ImageObject","inLanguage":"en-US","@id":"https:\/\/www.apice.it\/en\/#\/schema\/logo\/image\/","url":"https:\/\/www.apice.it\/wp-content\/uploads\/2024\/02\/logo-apice.svg","contentUrl":"https:\/\/www.apice.it\/wp-content\/uploads\/2024\/02\/logo-apice.svg","caption":"Apice SCRL"},"image":{"@id":"https:\/\/www.apice.it\/en\/#\/schema\/logo\/image\/"},"sameAs":["https:\/\/x.com\/apicescrl","https:\/\/www.youtube.com\/@Apicescrl\/videos","https:\/\/www.linkedin.com\/company\/apice-scrl\/"]}]}},"_links":{"self":[{"href":"https:\/\/www.apice.it\/en\/wp-json\/wp\/v2\/pages\/1252","targetHints":{"allow":["GET"]}}],"collection":[{"href":"https:\/\/www.apice.it\/en\/wp-json\/wp\/v2\/pages"}],"about":[{"href":"https:\/\/www.apice.it\/en\/wp-json\/wp\/v2\/types\/page"}],"author":[{"embeddable":true,"href":"https:\/\/www.apice.it\/en\/wp-json\/wp\/v2\/users\/1"}],"replies":[{"embeddable":true,"href":"https:\/\/www.apice.it\/en\/wp-json\/wp\/v2\/comments?post=1252"}],"version-history":[{"count":0,"href":"https:\/\/www.apice.it\/en\/wp-json\/wp\/v2\/pages\/1252\/revisions"}],"wp:attachment":[{"href":"https:\/\/www.apice.it\/en\/wp-json\/wp\/v2\/media?parent=1252"}],"curies":[{"name":"wp","href":"https:\/\/api.w.org\/{rel}","templated":true}]}}

<div class="wp-block-cover"><span aria-hidden="true" class="wp-block-cover__background has-palette-1-background-color has-background-dim-100 has-background-dim"></span><div class="wp-block-cover__inner-container">
<div class="wp-block-group is-style-container">
<div style="height:50px" aria-hidden="true" class="wp-block-spacer"></div>



<h1 class="wp-block-heading is-style-MediumTitle">Informativa Clienti e fornitori</h1>



<div style="height:10px" aria-hidden="true" class="wp-block-spacer"></div>



<p>Informativa ai sensi dell’articolo 13 del Regolamento Europeo 2016/679<br>(per fornitori e clienti)</p>
</div>
</div></div>



<div style="height:30px" aria-hidden="true" class="wp-block-spacer"></div>



<div class="wp-block-group is-style-container">
<p>Gentile fornitore,</p>



<p>desideriamo informarLa che il Codice in materia di protezione dei dati personali garantisce che il trattamento dei dati personali si svolga nel rispetto dei diritti e delle libertà fondamentali, nonché della dignità dell’interessato, con particolare riferimento alla riservatezza, all’identità personale e al diritto alla protezione dei dati personali.</p>



<p>In osservanza di quanto previsto dal Regolamento europeo 2016/679, siamo a fornirLe le dovute informazioni in ordine alle finalità e modalità del trattamento dei Suoi dati personali, la natura del conferimento dei dati, nonché l’ambito di comunicazione e diffusione degli stessi.</p>



<p><strong>Finalità del trattamento</strong></p>



<p>Il trattamento dei Suoi dati personali persegue finalità strettamente connesse e strumentali all’attività svolta da Apice scrl (custodia e trasporto di opere d’arte), in particolare, i dati vengono utilizzati per adempiere a obblighi imposti dalla normativa fiscale, contabile o per l’esecuzione dei contrati sottoscritti.</p>



<p><strong>Modalità del trattamento</strong></p>



<p>II trattamento sarà effettuato:</p>



<p>con l’ausilio dei moderni sistemi informatici, con logiche strettamente correlate alle finalità suindicate e, comunque, in modo da garantire la sicurezza e la riservatezza dei dati stessi, ad opera di soggetti a ciò appositamente incaricati;</p>



<p>in forma manuale, con logiche strettamente correlate alle finalità suindicate e, comunque, in modo da garantire la sicurezza e la riservatezza dei dati stessi, ad opera di soggetti a ciò appositamente incaricati.</p>



<p>I dati saranno inseriti sia negli archivi correnti ad accesso selezionato (contenenti documenti cartacei) che nelle banche dati su p.c. (contenenti dati informatizzati).</p>



<p>I dati personali saranno conservati secondo quanto disposto dalle normi fiscali o secondo quanto disposto dal Codice Civile (10 anni)</p>



<p>I dati personali non vengono trattati con processi decisionali automatizzati e non vengono eseguite profilazioni (così come definite dall’ art. 22 par. 1 e 4 del Regolamento europeo.</p>



<p><strong>Natura del conferimento</strong></p>



<p>II conferimento dei dati è per Lei obbligatorio in quanto necessario per l’assolvimento di obblighi contrattuali, contabili,</p>



<p>fiscali nel perseguimento delle finalità sopraccitate.</p>



<p>Il titolare rende noto, inoltre, che l&#8217;eventuale rifiuto al conferimento dei dati personali ha come conseguenza emergente la possibile mancata corrispondenza dei risultati del trattamento stesso agli obblighi imposti dalla normativa fiscale e amministrativa cui esso è indirizzato.</p>



<p><strong>Ambito di comunicazione e diffusione</strong></p>



<p>I Suoi dati, oggetto del trattamento, saranno in seguito comunicati a:</p>



<ul class="wp-block-list">
<li>Istituti di Credito, per adempiere a specifici obblighi amministrativi-contabili;</li>



<li>ad organismi pubblici, quali per es.: Agenzia delle Entrate</li>
</ul>



<p>I Suoi dati personali non saranno oggetto di diffusione.</p>



<p>In riferimento ai soli dati necessari per effettuare i trasporti, questi potranno essere comunicati a soggetti residenti in altri Stati dell’Unione o extraCEE.</p>



<p>I suoi dati personali potranno essere inoltre comunicati a Responsabili esterni, regolarmente designati come previsto dal Regolamento europeo 2016/679, quali: compagnie assicurative, imprese di trasporto o servizi doganali, commercialisti o centri elaborazione dati per la gestione della contabilità fiscale.</p>



<p>L’elenco aggiornato dei Responsabili del trattamento è disponibile presso la sede Titolare.</p>



<p><strong>Periodo di conservazione dei dati</strong></p>



<p>I dati personali saranno conservati secondo quanto disposto dalle normi fiscali o secondo quanto disposto dal Codice Civile (10 anni)</p>



<p><strong>Diritti</strong></p>



<p>In ogni momento potrà far valere i suoi diritti riguardo:</p>



<p>alla portabilità dei suoi dati personali, cioè la possibilità di trasferire i dati ad altro Titolare</p>



<p>revocare il consenso in qualsiasi momento,senza comunque pregiudicare la liceità del trattamento precedentemente prestato;</p>



<p>il diritto di proporre il reclamo a un’autorità di controllo (Garante)</p>



<p>Lei potrà comunque far valere i propri diritti in base agli artt. 15-16-17-18-19-21-22-23 del Regolamento europeo 2016/679 rivolgendosi al Titolare del trattamento, anche per il tramite di un incaricato.</p>



<p><strong>Estremi identificativi del titolare</strong></p>



<p>Titolare del trattamento è : <strong>APICE scrl</strong>, Via Guido Guinizzelli, 14 50041 Calenzano FI &#8211; t. +39 055-8826326 – f. +39-055-8812560</p>



<p>In fede Il legale rappresentante</p>



<p>Ultima modifica 24/05/18</p>
</div>

<p>Gentile fornitore, desideriamo informarLa che il Codice in materia di protezione dei dati personali garantisce che il trattamento dei dati personali si svolga nel rispetto dei diritti e delle libertà fondamentali, nonché della dignità dell’interessato, con particolare riferimento alla riservatezza, all’identità personale e al diritto alla protezione dei dati personali. In osservanza di quanto previsto [&hellip;]</p>

<title>Informativa Clienti e fornitori</title>
<meta name="robots" content="index, follow, max-snippet:-1, max-image-preview:large, max-video-preview:-1" />
<link rel="canonical" href="https://www.apice.it/en/informativa-clienti-e-fornitori/" />
<meta property="og:locale" content="en_US" />
<meta property="og:type" content="article" />
<meta property="og:title" content="Informativa Clienti e fornitori" />
<meta property="og:description" content="Gentile fornitore, desideriamo informarLa che il Codice in materia di protezione dei dati personali garantisce che il trattamento dei dati personali si svolga nel rispetto dei diritti e delle libertà fondamentali, nonché della dignità dell’interessato, con particolare riferimento alla riservatezza, all’identità personale e al diritto alla protezione dei dati personali. In osservanza di quanto previsto [&hellip;]" />
<meta property="og:url" content="https://www.apice.it/en/informativa-clienti-e-fornitori/" />
<meta property="og:site_name" content="Apice" />
<meta name="twitter:card" content="summary_large_image" />
<meta name="twitter:site" content="@apicescrl" />
<meta name="twitter:label1" content="Est. reading time" />
	<meta name="twitter:data1" content="3 minutes" />
<script type="application/ld+json" class="yoast-schema-graph">{"@context":"https://schema.org","@graph":[{"@type":"WebPage","@id":"https://www.apice.it/en/informativa-clienti-e-fornitori/","url":"https://www.apice.it/en/informativa-clienti-e-fornitori/","name":"Informativa Clienti e fornitori","isPartOf":{"@id":"https://www.apice.it/en/#website"},"datePublished":"2024-02-21T15:23:59+00:00","breadcrumb":{"@id":"https://www.apice.it/en/informativa-clienti-e-fornitori/#breadcrumb"},"inLanguage":"en-US","potentialAction":[{"@type":"ReadAction","target":["https://www.apice.it/en/informativa-clienti-e-fornitori/"]}]},{"@type":"BreadcrumbList","@id":"https://www.apice.it/en/informativa-clienti-e-fornitori/#breadcrumb","itemListElement":[{"@type":"ListItem","position":1,"name":"Home","item":"https://www.apice.it/en/"},{"@type":"ListItem","position":2,"name":"Informativa Clienti e fornitori"}]},{"@type":"WebSite","@id":"https://www.apice.it/en/#website","url":"https://www.apice.it/en/","name":"Apice","description":"Moving the beauty","publisher":{"@id":"https://www.apice.it/en/#organization"},"potentialAction":[{"@type":"SearchAction","target":{"@type":"EntryPoint","urlTemplate":"https://www.apice.it/en/?s={search_term_string}"},"query-input":{"@type":"PropertyValueSpecification","valueRequired":true,"valueName":"search_term_string"}}],"inLanguage":"en-US"},{"@type":"Organization","@id":"https://www.apice.it/en/#organization","name":"Apice SCRL","alternateName":"Apice","url":"https://www.apice.it/en/","logo":{"@type":"ImageObject","inLanguage":"en-US","@id":"https://www.apice.it/en/#/schema/logo/image/","url":"https://www.apice.it/wp-content/uploads/2024/02/logo-apice.svg","contentUrl":"https://www.apice.it/wp-content/uploads/2024/02/logo-apice.svg","caption":"Apice SCRL"},"image":{"@id":"https://www.apice.it/en/#/schema/logo/image/"},"sameAs":["https://x.com/apicescrl","https://www.youtube.com/@Apicescrl/videos","https://www.linkedin.com/company/apice-scrl/"]}]}</script>

Gentile fornitore, desideriamo informarLa che il Codice in materia di protezione dei dati personali garantisce che il trattamento dei dati personali si svolga nel rispetto dei diritti e delle libertà fondamentali, nonché della dignità dell’interessato, con particolare riferimento alla riservatezza, all’identità personale e al diritto alla protezione dei dati personali. In osservanza di quanto previsto [&hellip;]
